ber?
False
Suppose -239 + 1632 = 7*f. Suppose 5*u - 1627 = -3*k, 4*u - 1081 = 3*k + f. Is u a prime number?
False
Suppose -5*u + 46 = 2*g, 0 = 4*u - 2*g + 23 - 67. Let a(y) = -y**2 - y + 3. Let d(w) = -3*w**2 - w + 8. Let n(o) = 5*a(o) - 3*d(o). Is n(u) a prime number?
False
Suppose 3*o = 3*j - 6, -4*j + 2*o = 4*o + 10. Let a be (-225 - -2)*2/1. Is j/5 - a/5 a prime number?
True
Let g(u) = -3*u**3 + 4*u**2 + 5*u - 7. Is g(-10) a composite number?
False
Let y = 13 - 8. Suppose 3*i + m - 13 = 0, 0 - y = -3*i - 5*m. Suppose -854 - 1121 = -i*z. Is z composite?
True
Let k(m) = 7798*m - 793. Is k(4) prime?
False
Suppose -3*v + 6*v + 6 = 0. Is (v/(-3))/1 + 28040/24 a prime number?
False
Let j = 2453 + -892. Is j a composite number?
True
Let j(c) = c**2 - 3*c - 5. Let h be j(-4). Let d = h - 17. Suppose 4*l - a = 1710, -2*l - 1704 = -d*l - 2*a. Is l a prime number?
False
Let p(v) = 267*v**3 - 6*v**2 + 4*v - 2. Is p(1) composite?
False
Let f(s) = s**3 - 17*s**2 + 5*s + 17. Let b be f(17). Suppose -3*j + b = 3*k - 0*k, 2*j - 83 = 3*k. Is j prime?
True
Let v be (124 - -1)*(6 + -4 - -25). Suppose t = 4, -3*z - 2*t - 436 = -v. Is z a prime number?
True
Suppose -2 - 18 = -5*k. Is (-1)/(3 - k) - -536 prime?
False
Let w = 112 - 84. Suppose -1409 = 27*n - w*n. Is n prime?
True
Let a(f) be the second derivative of 17*f**3/3 - 5*f**2/2 + 3*f. Is a(6) composite?
False
Let i = -57250 + 92019. Is i prime?
False
Let a be ((-128592)/21 - 5) + (-4)/7. Let l = a + 11744. Is l composite?
True
Let g = -828 - -4373. Is g composite?
True
Let g(o) be the first derivative of 19*o**3/3 - 2*o**2 + 2*o + 48. Is g(3) a prime number?
False
Let k(y) = y + 16. Let g be k(-15). Let b be 211 + g + (-5 - -4). Suppose -i + 2*i = b. Is i a prime number?
True
Let w(p) be the third derivative of 31*p**5/60 + 5*p**4/24 + 5*p**3/6 + 4*p**2 + 1. Is w(6) a composite number?
False
Suppose -2*y = -0*y - 6. Let i(l) = 9*l - 22. Let b be i(15). Suppose 3*v = y*s + 873, -1071 = -4*v - s + b. Is v composite?
True
Let l(s) = -3*s**2 + s - 2*s**3 + 0*s + 1 + 0. Is l(-6) a prime number?
False
Suppose 4*g - 1201 = -4069. Suppose 2*w = -2, -6*c - 4*w + 7418 = -3*c. Let s = c + g. Is s prime?
False
Suppose -2*u + 4*m = -4, -2*u + 2*m + 1 = -1. Suppose -3*g - 2*k - 2*k = 16, -k - 1 = u. Is -191*3*g/12 a prime number?
True
Let u = 45654 - 15295. Is u composite?
True
Let u = -36 + 266. Suppose -m = -c + 77 - u, 0 = -5*m + 2*c + 777. Is m a composite number?
False
Let a = -32 - -15. Let s = a - -20. Suppose -5*w + 224 = i - 27, 0 = s*i - 3*w - 753. Is i a composite number?
False
Let n(c) = -76*c - 9. Is n(-13) a composite number?
True
Is 38/(-133) - 392835/(-7) a prime number?
False
Let j(r) = 7*r**2 + 12*r - 53. Is j(16) composite?
False
Suppose 434648 = 17*j - 423665. Is j a prime number?
False
Let p be -2*(10/15)/(1/(-3)). Suppose 2*d = p*h - 2736, 0 = 5*h - h + 4*d - 2724. Is h composite?
False
Let z(r) = -r**3 - 12*r**2 + r + 12. Let d be z(-11). Let w be (-1)/((-364)/d - 3). Is (w/(-20))/((-6)/(-1576)) a composite number?
True
Let p = 7 + 6. Let d(b) = 6 + p - 4 - b. Is d(0) a composite number?
True
Suppose -v + 1590 = -2*o, 0*v - 2*o - 3188 = -2*v. Let b = 39 + v. Is b prime?
True
Let t(i) = -i**3 - 37*i**2 + 92*i + 29. Is t(-44) composite?
False
Let o be (-6)/18*18/(-2). Suppose o*m = 8*m. Suppose m = -5*x - 8 - 7, t + x = 494. Is t a prime number?
False
Suppose -6*u = -2*u + k - 72143, 3*k + 15 = 0. Is u a prime number?
False
Suppose -5*o + 81 + 56 = -2*v, 2*o - v = 54. Let n(l) = 26*l**2 - 1. Let k be n(-2). Let p = k - o. Is p prime?
False
Suppose 2*w - 46 = 4*r, r + 12 + 52 = 4*w. Suppose 11*z - w*z = -1708. Is z composite?
True
Let p(g) = -g**3 - 8*g**2 + 8*g - 23. Suppose o - 2*a - a = 2, -o = -2*a + 2. Is p(o) a prime number?
True
Let u(z) = -3355*z**3 - 26*z**2 + 2*z + 2. Is u(-2) a composite number?
True
Suppose q - 1651 = -3*z, 3*z = -5*q + 3*q + 3290. Is q a prime number?
False
Let d be (7 + -4)*2 + -56 + -2. Suppose 2*z - z = 3. Let j = z - d. Is j composite?
True
Let m = 21979 - 1080. Is m composite?
False
Let p be 4 + (-2 - -13)*(-310)/(-1). Suppose r = -2*d + 1076, 5*d + 4*r - p = -721. Is d composite?
True
Let m(z) = 16*z**2 - 13*z + 14. Let w = 13 - 3. Let g be m(w). Suppose -3*k = k - g. Is k prime?
False
Suppose -3408 = 10*l - 11938. Is l a composite number?
False
Let d(q) = q**3 + 11*q**2 - 3. Let a be d(-11). Let o be (3365/a)/((-4)/12). Suppose 9*l - 4*l - o = 0. Is l composite?
False
Suppose -3*k - 1 = -10. Suppose -2*m + 6 = -4*h, 4*h - k*h - 9 = -3*m. Suppose -m*s = s - 328. Is s a composite number?
True
Let f(d) = d**3 + 19*d**2 - 16*d - 1. Let o be f(-18). Suppose -o = a - 1990. Is a prime?
False
Let b(f) = -f**3 - 5*f**2 - f. Let y be b(-5). Let i = -399 + 842. Suppose j = y*p + 593, 3*j - 1408 = -3*p + i. Is j a composite number?
False
Let u = 5 - 1. Let p(r) = 55*r + 3. Let w be p(u). Let y = 528 + w. Is y a composite number?
False
Let o(i) = 387*i**3 - 2*i**2 + 2. Let s be o(-1). Let g = s + 888. Is g composite?
True
Suppose 0 = 4*a - 2*a - 10. Suppose 0 = -w + a*u - 219 + 1176, -w + 2*u + 969 = 0. Is w composite?
False
Let g(n) = 227*n**2 - 6*n - 70. Is g(-9) a prime number?
True
Let x = 61 - 57. Is (-3)/((-9)/660) - (x + -3) prime?
False
Let t(y) = -2*y**3 - y**2 + 1. Let m be t(-1). Suppose -2*f = p + 3*f - 99, m*f = p - 113. Suppose 5*b + 34 = p. Is b prime?
False
Let a be (-15462)/(-22) - 22/(-121). Let v = -116 + a. Is v composite?
False
Let k = 10065 - 3382. Is k prime?
False
Suppose -2 = 2*h - 16. Let j be 2/h + 63/(-49). Is ((-4)/j)/8*326 a prime number?
True
Let d(v) = 3*v**2 + 3*v - 1. Let i(q) = q**2 + 4*q + 1. Let b be i(-5). Let x be d(b). Let o = x - 54. Is o a composite number?
False
Suppose -2*h + 18 = 4*d, -5*h + 11 = -14. Suppose -3*j - 6553 = -4*c, 4*j - d*j - 2 = 0. Is c a composite number?
True
Is ((-2)/3)/(-1 + (-43310)/(-43314)) prime?
True
Suppose -1 = -5*i + 14, -5*t = -5*i - 50300. Is t a composite number?
True
Suppose -v - 2*x + 1155 = -6394, -4*v + 3*x + 30174 = 0. Suppose 0 = -5*l - 560 + v. Is l a prime number?
False
Let b(m) = m**3 - 18*m**2 - 20*m + 23. Let s be b(19). Let j = s - 14. Is 2/(j/(-6805)) + 0 a composite number?
False
Let l(x) = x**3 + 6*x**2 + x - 7. Let b = -11 - -6. Is l(b) composite?
False
Let s(u) be the second derivative of 1/6*u**3 - 6*u + 0 + 19/2*u**2. Is s(0) a prime number?
True
Suppose -4*q + 23012 = -4*d, 2*d - 13919 = -4*q + 9069. Is q a prime number?
True
Let d(y) = -182*y - 211. Is d(-15) a composite number?
True
Let o be (-1 + 2)*(3 - -2). Let f be -2*2*(-5)/4. Suppose -457 = -4*a + j, f*j = -o*a + 4*j + 578. Is a prime?
False
Let x = -526 - -777. Is x a composite number?
False
Let i(q) = 4*q - 29. Let g be i(6). Let w(r) = -4*r**3 + 5*r + 4. Is w(g) a prime number?
True
Let f be (-1)/((-4)/(-16)) - -4. Is 2*(-23)/(-2) - f composite?
False
Suppose 2*l = -456 + 6422. Is l a prime number?
False
Let b(a) = -a**3 - 4*a**2 + 7*a - 2. Let v be b(-5). Let i = -16 - v. Is 81 + -3 + (-4)/i a prime number?
True
Suppose 2*j = 2*r + 10, -4*r - j + 7 - 2 = 0. Let g(i) = -197*i + r + 12 - 9. Is g(-4) composite?
True
Let u = -1 - -5. Let z(y) = 3*y**3 + y**2 + 4*y - 3. Is z(u) composite?
True
Let d(r) = -33*r + 23. Let u be d(-15). Suppose -170 = 6*h - u. Is h a composite number?
True
Let h be 6/(-10)*-5 + -3. Suppose h*o - 2*o + 486 = 4*x, 4*o - 4*x = 936. Is o prime?
False
Let j(k) = -2*k**2 + k + 1549. Let c be j(0). Let d = -768 + c. Is d prime?
False
Suppose 10*g - 6*g - 1140 = 0. Let o be 2/(10/3) - (-6)/(-10). Suppose -4*r + o*x + 5*x = -g, -185 = -3*r - 2*x. Is r composite?
True
Let p be 1*3/(-6)*-26. Let n(s) = 44*s - 31. Is n(p) a prime number?
True
Suppose -130 = -c + 1341. Is c prime?
True
Let o = 654 + 783. Is o a prime number?
False
Suppose -2*l - 20 = 2*l, 4*m - 3*l = 111779. Is m composite?
False
Suppose 38*q - 274572 = 2*q. Is q composite?
True
Suppose 0 = -2*j + 3*t + 9, -6*t + t = -3*j + 13. Suppose 12*c = j*c + 462. Is c a composite number?
True
Let v(s) = 41*s + 4. Let a(g) = -247*g - 23. Let f(x) = 6*a(x) + 34*v(x). Let n be f(-2). Suppose n = -p + 4*p. Is p a prime number?
False
Let r = 223 - 114. Suppose -13 - r = -l. Is l a composite number?
True
Suppose 0 = 2*d + 10, 5*d - 2 + 12 = -5*g. Supp